52084?
14
What is the highest common divisor of 144725312 and 2784?
928
Calculate the highest common factor of 1614152 and 96.
8
What is the highest common divisor of 6151545 and 3711179?
5063
What is the highest common factor of 742821838 and 15290?
3058
What is the greatest common factor of 156 and 166908144?
156
Calculate the highest common divisor of 679857 and 21459.
69
What is the highest common factor of 5162 and 495668?
58
Calculate the highest common factor of 27624600 and 36.
36
Calculate the highest common factor of 1263496268 and 2248.
1124
What is the highest common divisor of 17496 and 30519?
9
Calculate the greatest common divisor of 27861068 and 1976.
76
Calculate the highest common divisor of 12840 and 129450.
30
Calculate the highest common factor of 648538254 and 936.
234
Calculate the greatest common factor of 292 and 3236.
4
What is the greatest common divisor of 322305 and 4245?
15
Calculate the greatest common factor of 73546982 and 5636.
2818
What is the highest common factor of 59179 and 2210207?
2573
What is the greatest common divisor of 12412176 and 3332?
476
Calculate the highest common divisor of 1285920 and 605340.
3420
What is the greatest common divisor of 1547 and 3094091?
91
What is the highest common factor of 4991 and 2345931?
161
What is the highest common factor of 26 and 5513508?
26
What is the greatest common divisor of 1243429081 and 13802?
6901
What is the greatest common factor of 385789 and 104662?
1217
Calculate the highest common divisor of 15484 and 674239167.
3871
Calculate the highest common factor of 24310 and 12067110.
1870
What is the greatest common factor of 50215 and 25410?
605
Calculate the highest common factor of 1029 and 58093567.
343
What is the highest common factor of 1045 and 10048720?
1045
What is the highest common factor of 456832 and 6557?
83
Calculate the greatest common divisor of 380 and 2586460.
20
Calculate the highest common divisor of 8335062 and 54648.
1242
What is the highest common factor of 178072348 and 7544?
3772
Calculate the highest common factor of 3131024 and 1456.
208
What is the highest common factor of 6695505 and 53862?
573
What is the greatest common factor of 419 and 17443389?
419
Calculate the greatest common factor of 33294 and 2576526.
1074
What is the highest common factor of 723 and 646603?
241
What is the highest common factor of 2812 and 788386?
38
What is the greatest common divisor of 20626384 and 16?
16
What is the highest common factor of 1342 and 123409649?
671
Calculate the greatest common divisor of 6020 and 32200.
140
What is the greatest common factor of 5560926 and 182?
14
What is the greatest common factor of 1316097 and 141681?
1707
What is the highest common factor of 533980296 and 216?
216
What is the highest common factor of 878370 and 136230?
570
What is the greatest common divisor of 2406774 and 1072?
134
Calculate the highest common factor of 3570979 and 409.
409
Calculate the highest common divisor of 374847 and 200244.
1221
What is the greatest common divisor of 1447484 and 161?
1
Calculate the greatest common divisor of 506450 and 19600.
350
What is the highest common factor of 154 and 1425291098?
154
Calculate the highest common divisor of 6125931 and 346724.
1421
What is the greatest common divisor of 1458661 and 89884?
977
What is the greatest common factor of 114655054 and 118?
118
Calculate the highest common divisor of 65024 and 239104.
512
Calculate the highest common divisor of 40078 and 33118.
58
What is the greatest common divisor of 322098 and 14854?
14
What is the greatest common divisor of 67592 and 53278?
34
Calculate the highest common divisor of 43073 and 145088.
2267
What is the greatest common divisor of 45076714 and 103?
103
Calculate the greatest common factor of 8848 and 766616.
632
What is the highest common divisor of 1326924 and 4743?
279
Calculate the highest common divisor of 17912 and 58568.
8
Calculate the highest common factor of 169910 and 341640.
130
What is the highest common factor of 75646 and 52102?
218
Calculate the greatest common divisor of 1090765 and 19895.
865
Calculate the greatest common factor of 9345275 and 17575.
925
What is the highest common factor of 96379 and 4731898?
3109
Calculate the greatest common divisor of 53548070 and 110.
10
Calculate the greatest common divisor of 151 and 456076021.
151
What is the greatest common divisor of 104377 and 7511?
259
Calculate the highest common factor of 332 and 347197798.
166
Calculate the highest common factor of 3726 and 146964618.
3726
Calculate the greatest common factor of 120770631 and 437.
437
Calculate the greatest common factor of 39627 and 1849617.
1071
Calculate the highest common factor of 5603 and 106223.
13
What is the greatest common factor of 602606888 and 1976?
1976
What is the greatest common factor of 1248 and 44583648?
96
Calculate the highest common divisor of 8510 and 3518.
2
What is the greatest common divisor of 9599752 and 136?
8
Calculate the highest common factor of 162313 and 7913.
193
What is the highest common divisor of 2274 and 136308?
6
What is the greatest common divisor of 83831 and 176?
11
What is the greatest common divisor of 2093 and 161093219?
161
What is the highest common factor of 211008 and 891289?
1099
Calculate the highest common factor of 36410 and 3088580.
110
Calculate the greatest common factor of 80 and 77846.
2
Calculate the greatest common factor of 5390 and 182329.
49
Calculate the greatest common divisor of 15 and 9856185.
15
What is the highest common factor of 47188 and 653958?
94
What is the highest common factor of 10895 and 1775569045?
10895
Calculate the highest common divisor of 6224 and 2278373.
389
Calculate the greatest common factor of 42592 and 528.
176
Calculate the greatest common factor of 1812 and 148949118.
906
Calculate the greatest common factor of 7076 and 561382.
58
Calculate the greatest common divisor of 153872 and 8802.
326
Calculate the greatest common divisor of 24 and 46852008.
24
What is the greatest common divisor of 23805436 and 47444?
1636
Calculate the greatest common divisor of 3913287 and 63798.
1029
Calculate the highest common factor of 1161 and 3571881.
129
Calculate the greatest common factor of 3283424 and 160.
32
Calculate the greatest common factor of 4675187 and 1173.
391
What is the highest common divisor of 3730707 and 29412?
171
What is the highest common divisor of 282607 and 1989?
13
Calculate the greatest common factor of 5840075 and 3950.
1975
What is the greatest common factor of 21502 and 755878?
1654
Calculate the greatest common divisor of 26196 and 1197936.
708
What is the highest common factor of 1288 and 1353100?
28
What is the highest common factor of 9331 and 918871?
31
Calculate the greatest common factor of 7507307 and 1832.
229
What is the greatest common factor of 88 and 502867?
1
What is the greatest common divisor of 18795 and 980882?
7
What is the highest common divisor of 302652 and 2128?
28
Calculate the highest common divisor of 54464 and 34262.
74
What is the highest common factor of 141 and 640745219?
47
Calculate the greatest common factor of 6365940 and 12972.
276
What is the greatest common factor of 3852864 and 927?
9
What is the greatest common divisor of 907549630 and 6162?
2054
What is the highest common factor of 1628623 and 19?
19
Calculate the greatest common factor of 100470115 and 755.
755
Calculate the highest common divisor of 15 and 16697940.
15
Calculate the greatest common factor of 25146 and 3395853.
1143
What is the greatest common factor of 2646 and 227304?
126
What is the highest common factor of 143 and 3376280193?
143
Calculate the greatest common divisor of 185329 and 319807.
241
What is the highest common divisor of 475 and 19745161?
19
What is the highest common factor of 9135 and 56216355?
435
What is the highest common divisor of 4300 and 7157350?
2150
What is the greatest common divisor of 569454 and 3273030?
5322
Calculate the greatest common factor of 13443848 and 152.
8
Calculate the highest common divisor of 1047322 and 47323.
37
Calculate the greatest common divisor of 6347 and 455510.
11
What is the greatest common divisor of 485184 and 275520?
1344
Calculate the highest comm